f 2*u**2 - 1/2*u**3 + 1/20*u**5 + j + 1/8*u**4 + 0*u - 1/120*u**6. Give g(3).
6
Let f be 16/7 + 6/(-21). Suppose -7 + 19 = 2*h - 2*t, 4 = -2*t. Let n(o) = 6*o**2 + 3*o - 1. Let l(s) = 5*s**2 + 3*s - 1. Let b(j) = h*l(j) - 3*n(j). Give b(f).
13
Suppose y + 2 = 0, -4*k = -2*y - 33 + 9. Suppose 4*f + 14 = 4*p + 2, k*f - 2*p = -15. Let x(r) = 4*r + 4. What is x(f)?
-8
Let l(j) = -j**2 + 5. Suppose 0 = f + 5*d + 26, -4*d = -2*f - d - 26. Let v be f/(-2) + (4 - 3)*-4. Determine l(v).
-11
Let l be (-3)/1 + (4 + -2 - -4). Let f(o) = o**3 + 8*o**2 + 7*o + 2. Let z be f(-7). Let g(x) = -3*x**l - 4*x**2 + 1 - z*x + 2*x**3 - 2*x. What is g(-3)?
4
Let u be (-4)/(-22) + (-4)/22. Suppose -m + 44 - 38 = u. Let p(f) = f. Let j(w) = -w**2 + 2*w - 1. Let d(z) = -j(z) - 5*p(z). Calculate d(m).
-5
Let p = -87 + 97. Suppose -7*o = -9*o + p. Let u(q) = q**3 - 5*q**2 + 3*q - 1. Calculate u(o).
14
Let d(l) be the first derivative of l + 6 + l**2 + 3 + 3*l**2 - 3*l**2. What is d(2)?
5
Let u(t) be the third derivative of -24*t**2 + 0*t**3 + 1/6*t**4 + 0 + 0*t. Determine u(1).
4
Suppose 0 = -8*x + 4*x. Let z be (-1 + x)/((-5)/55). Let r(n) = -n**2 + 12*n - 8. Calculate r(z).
3
Let b(x) = -x**3 + 3*x**2 + 8*x - 6. Let h be 2 + -2 + (-4 - -14). Suppose 0*l + h*l - 50 = 0. Give b(l).
-16
Suppose 4*t = -20, 3*n = 2*t - 6*t + 217. Let w = -53 + n. Let l(k) = 2*k - w + 18 + 12. Give l(-6).
-8
Suppose -f = -37 + 25. Suppose -s - 8 = -4*w + w, -2*s = -2*w + f. Let g(j) = -j**3 - 4*j**2 + 4*j - 1. Give g(s).
4
Let n(r) = -3*r - 3. Let w(q) = -q**3 + 2*q**2 - 2*q - 2. Let c be w(3). Let m = -15 - c. Let f be -5*1/m*2. Determine n(f).
12
Let s = 188 - 186. Let v(t) = 5*t**2 + 3*t + t**2 - 5*t + 1. Determine v(s).
21
Let w(d) = 1071*d - 5 - 543*d - 527*d. Determine w(6).
1
Suppose 18 = x + x - 4*i, 2*x - 2*i - 18 = 0. Let r(d) = -d**3 + 10*d**2 - 9*d + 6. Let u be r(x). Let n(z) = -z**3 + 6*z**2 - 8. Give n(u).
-8
Let b(x) = x**2 - 13*x + 7. Let n(v) = 2*v**2 - 25*v + 14. Let k(s) = 7*b(s) - 4*n(s). Determine k(12).
-43
Let k = 1055 + -1062. Let l(r) = -6*r**2 + r**3 - 2 + 0 + 14*r**2 + 5*r. Calculate l(k).
12
Let m(l) be the second derivative of l**5/20 - l**4/4 - l**3/3 + l**2 - 41*l. Calculate m(3).
-4
Let y(x) = x + 0 - 1 + 4*x - x**2 - 3. Let d(w) = -w**2 + 6*w - 5. Let a(b) = 3*d(b) - 2*y(b). Calculate a(5).
8
Let b(j) be the first derivative of 3*j**2 + 4*j + 254. Calculate b(-4).
-20
Let v(y) = -3*y**2 - 7*y - 2. Let c(o) be the first derivative of -o - 2*o**2 + 2 - 2/3*o**3. Let d(l) = -5*c(l) + 3*v(l). Calculate d(3).
5
Let i(j) be the first derivative of j**3/3 - j**2/2 - 6*j - 8. Suppose 0 = 3*c - f - 3*f + 20, -c + 25 = 5*f. Determine i(c).
-6
Let z(a) be the third derivative of 1/60*a**5 - 1/3*a**3 + 0 + 16*a**2 + 0*a - 1/24*a**4. What is z(2)?
0
Let i(s) = s**3 - s - 10. Suppose 4*a - 5 - 27 = 0. Let p(t) = t - 8. Let g be p(a). What is i(g)?
-10
Let i(l) = 0*l - 8 - 12 + 40 + l. Give i(-17).
3
Let s(m) = -4 - 4 - 5 + m + 17 - 5. Give s(4).
3
Let d(g) = 2*g**2 + g - 1. Let b be d(-2). Suppose -3*l - 3*h = -30, 3*l - 31 - 9 = -5*h. Let q(i) = -6*i**2 + l*i**2 - 5*i**2 - i**3 + 3 - b*i. Give q(-5).
3
Let p(r) = r**3 - 9. Let q = 185 + -185. Give p(q).
-9
Let y(w) = -5*w - 11. Let i(u) = -7*u - 12. Let p(t) = 3*i(t) - 4*y(t). Calculate p(4).
4
Let m be (0 - -3)/((-6)/4). Let c(b) = -13*b + 18. Let g(v) = -10*v + 14. Let i(z) = 7*c(z) - 9*g(z). What is i(m)?
2
Let v(b) = -b**3 - 6*b**2 - 5*b. Let h = 12 - 0. Let p be (2/3)/((-4)/h). Let o = p + -3. Determine v(o).
0
Suppose -14*t - 82 = 16. Let z(b) = -b**3 + 5*b**2 - 2*b - 9. Let m(p) = -p**3 - p**2 - 1. Let x(w) = -2*m(w) + z(w). Give x(t).
7
Let x(l) be the third derivative of l**4/12 + l**3/3 + 25*l**2 + 5. What is x(8)?
18
Suppose -4*q - 8 = 4*m, -3*m + 1 = -5*q - 1. Let o(z) be the third derivative of -13*z**5/60 - z**4/24 - z**3/6 - 2*z**2. Give o(m).
-13
Let y be (((-2)/(-9))/1)/((-52)/(-468)). Let n(g) = -2*g**3 - 3*g**2 + 2*g - 9. Let i(l) = -l**3 - 2*l**2 + l - 5. Let u(z) = -7*i(z) + 4*n(z). Determine u(y).
1
Suppose 3*a = t + 27, -4*a + 141 = -5*t + 116. Let k(v) = v**3 - 11*v**2 + 8*v + 21. Calculate k(a).
1
Let c(g) be the second derivative of g**3/6 + g**2/2 + 2*g. Suppose -m - 2*d - 168 = -167, -4*m = -5*d + 30. Give c(m).
-4
Let g(c) be the second derivative of c**3/3 - 24*c**2 + 111*c. Calculate g(27).
6
Let v(s) = -s**2 + 25*s + 149. Let x be v(30). Let w(p) = 15*p + 2. Determine w(x).
-13
Let n(h) = -2*h - 8*h**2 + 6*h**3 - 3*h**3 - 3*h - 4*h**3 + 5. Let t = -70 - -101. Let v = 24 - t. Determine n(v).
-9
Let c(g) = 2*g**2 - 2*g + 6. Let u be c(0). Let j(v) = -u + 0*v - 1 + 6*v. What is j(5)?
23
Suppose 68*z - 34 = 67*z. Let o(i) = 62 - z + i - 35. Give o(4).
-3
Let t be (2 + 3 - (1 - -3))*2. Let h(u) = 22 - 21 - 4*u**3 + 5*u**3 - u - u**t. Determine h(0).
1
Suppose y - o = -1, 3*y - 12 = 2*o - 4*o. Let b(x) = -5*x**y + 0*x**2 + 3*x**2 + x + 3*x**2. Calculate b(0).
0
Let j(b) = b**3 - 6*b**2 - 11*b + 11. Let c(u) = 6*u**3 - 28*u**2 - 56*u + 54. Let k(a) = 2*c(a) - 11*j(a). Determine k(-9).
-13
Let b(r) = -r**3 - 2*r**2 + 6*r + 4. Let n(c) be the second derivative of -c**3/6 - 10*c**2 + 2*c. Let w be 1/((10/(-32))/5). Let z be n(w). Determine b(z).
12
Suppose -7*t + 5*y = -5*t - 40, -4*t + y + 44 = 0. Let p(v) = v**3 - 9*v**2 - 11*v + 4. Give p(t).
-6
Let l(v) = v**3 + 29*v**2 + 3 - 33*v**2 + 11*v - 13*v. Give l(4).
-5
Let f be 12/78 + (-171)/13. Let w be f/(-2) + (-8)/16. Suppose -21 + w = 3*c. Let v(s) = -s**2 - 6*s - 2. What is v(c)?
3
Suppose 7 = 2*h + 1. Suppose 4*i - 6 = k, 2*i = -5*k + h*i + 8. Let d(f) = -3 + 7*f - k*f - 2*f. Determine d(2).
3
Let w(p) be the first derivative of p**2/2 - 5*p - 1. Suppose -166 - 285 = 40*q - 171. Give w(q).
-12
Let o(k) be the second derivative of 1/30*k**5 + 9/2*k**2 + 0*k**3 - 1/8*k**4 - 7*k + 0. Let s(x) be the first derivative of o(x). Give s(3).
9
Let u = 8 - 5. Let d(c) = 2*c - 4. Determine d(u).
2
Let z = -631 - -628. Let x(h) = 5*h**2 + 3*h + 1. What is x(z)?
37
Let v(o) be the first derivative of -3*o**2/2 - 25*o + 63. Let k be 7*1 - 4/2. Let l(w) = -5*w - 38. Let g(i) = k*l(i) - 8*v(i). Calculate g(0).
10
Let j(i) = i**3 + 7*i**2 + 4*i - 13. Suppose -161 = -5*u + 2*z, 4*u + 3 = z + 130. Suppose -32*v = -u*v + 6. Determine j(v).
-1
Let c(p) = p**2 - 25*p - 231. Let z be c(-7). Let k(t) = t + 11. Determine k(z).
4
Let w(j) = -j**2 + 4*j + 1. Suppose -11*v + 12*v - p = 0, 3*p = -4*v + 21. Give w(v).
4
Let o = 32 + -33. Let r(j) be the third derivative of -j**4/4 - j**3/6 + 20*j**2. What is r(o)?
5
Suppose -5*m = -9*m - 44. Let s = -16 - m. Let r(n) = -n**3 - 5*n**2 + 2. What is r(s)?
2
Let h(j) = -j**3 - 5*j**2 - 1. Let w be 4*(-12)/(-16) - 67. Let d = -69 - w. What is h(d)?
-1
Let d(x) = 2*x + 17. Let m(q) = -7*q - 71. Let o(h) = 9*d(h) + 2*m(h). Give o(-6).
-13
Let r(p) = p + 1. Suppose 0*n = -4*n - 48. What is r(n)?
-11
Let x(r) be the first derivative of 9*r**2/2 + 3*r + 13. Let c(j) = j. Let o(z) = -24*z - 7. Let d(y) = -5*c(y) - o(y). Let l(n) = 6*d(n) - 13*x(n). Give l(4).
-9
Suppose 0 = -2*d + l + 4*l - 27, -5*d - 4*l = 18. Let q(j) = -j. Let m(b) = -b. Let f(n) = -5*m(n) + 4*q(n). Determine f(d).
-6
Let w(j) be the third derivative of -j**4/24 - 5*j**3/6 + 14*j**2 - j. Let h = -9 - -6. What is w(h)?
-2
Let i(k) = -4*k**2 - 4*k - 6. Let c(y) = 5*y**2 + 5*y + 7. Let s(r) = r**2 - 3*r + 4. Let a be s(0). Let f(l) = a*i(l) + 3*c(l). Determine f(-3).
-9
Let z(d) = -d + 3. Suppose 0 = -5*p + 5*r + 15, 5*p + 5 = r. Determine z(p).
5
Let z be 1/(-11) + (-6)/(-33)*-27. Let f(m) = m**2 + m - 15. What is f(z)?
5
Let b be 16/6 - (-3)/9. Suppose -4*d - 3*z = 2, 0 = -4*d + d - b*z. Let p(k) = -17 - 3*k + 7 + 12 + 5*k. What is p(d)?
-2
Let v(o) = 13*o + 15. Let q(i) = 15*i + 17. Let h(j) = 3*q(j) - 4*v(j). What is h(-11)?
68
Let o be (-200)/(-450)*(-18)/4. Let u(j) = -9*j. Determine u(o).
18
Suppose 4*x = -0*x - 16. Let w(u) be the third derivative of u**5/60 + u**4/24 - 5*u**3/6 - 4*u**2. What is w(x)?
7
Let w(b) = -2*b**2 - b**3 + 10*b**2 + 2*b**3 + 1 - 3*b + 11*b. Determine w(-6).
25
Suppose 281 = 20*w + 281. Let d(q) = -q**2 - q + 14. Give d(w).
14
Let k(p) = p**3 - 2*p**2 - 5*p + 3. Let b be (-12)/(-24)*2*1. Let r(u) = 13*u + 1. Let l be r(b). Suppose 